30.
2, 5, 132403
List the prime factors of 182911.
101, 1811
What are the prime factors of 5933?
17, 349
What are the prime factors of 222560?
2, 5, 13, 107
List the prime factors of 263193.
3, 7, 83, 151
List the prime factors of 1838894.
2, 919447
What are the prime factors of 97459?
97459
List the prime factors of 74165.
5, 7, 13, 163
List the prime factors of 757485.
3, 5, 31, 181
What are the prime factors of 10041391?
1093, 9187
What are the prime factors of 9955720?
2, 5, 248893
List the prime factors of 477743.
7, 139, 491
What are the prime factors of 1450505?
5, 7, 41443
List the prime factors of 3832690.
2, 5, 487, 787
What are the prime factors of 2802208?
2, 67, 1307
What are the prime factors of 2002463?
73, 27431
What are the prime factors of 298688?
2, 13, 359
What are the prime factors of 65649?
3, 79, 277
List the prime factors of 349299.
3, 17, 761
List the prime factors of 255098.
2, 127549
What are the prime factors of 70145?
5, 14029
What are the prime factors of 20158691?
7, 101, 28513
List the prime factors of 209781.
3, 11, 13, 163
List the prime factors of 31683.
3, 59, 179
What are the prime factors of 256272?
2, 3, 19, 281
What are the prime factors of 9459864?
2, 3, 37, 53, 67
What are the prime factors of 65048?
2, 47, 173
List the prime factors of 2448783.
3, 31, 67, 131
List the prime factors of 5136879.
3, 11, 155663
List the prime factors of 1007879.
17, 101, 587
What are the prime factors of 1307574?
2, 3, 72643
List the prime factors of 602481.
3, 11, 18257
What are the prime factors of 848488?
2, 67, 1583
List the prime factors of 112953.
3, 23, 1637
What are the prime factors of 7586433?
3, 280979
What are the prime factors of 356110?
2, 5, 149, 239
List the prime factors of 1017513.
3, 7, 31, 521
List the prime factors of 2862307.
7, 17, 67, 359
What are the prime factors of 20406082?
2, 29, 351829
List the prime factors of 65999.
31, 2129
List the prime factors of 1040247.
3, 13, 17, 523
List the prime factors of 4634934.
2, 3, 31, 24919
List the prime factors of 155510.
2, 5, 15551
What are the prime factors of 444772?
2, 251, 443
What are the prime factors of 515767?
7, 73681
What are the prime factors of 4139823?
3, 17, 81173
What are the prime factors of 35029786?
2, 11, 1592263
List the prime factors of 7451274.
2, 3, 1241879
List the prime factors of 1371987.
3, 152443
List the prime factors of 313658.
2, 31, 5059
What are the prime factors of 3207246?
2, 3, 7, 10909
List the prime factors of 119364.
2, 3, 7, 29
What are the prime factors of 1629027?
3, 181003
List the prime factors of 13356555.
3, 5, 890437
What are the prime factors of 219892?
2, 54973
List the prime factors of 1087632.
2, 3, 7, 13, 83
List the prime factors of 940495.
5, 79, 2381
What are the prime factors of 7012083?
3, 13, 19, 9463
What are the prime factors of 91824?
2, 3, 1913
List the prime factors of 331247.
7, 79, 599
What are the prime factors of 11303929?
7, 13, 17, 7307
What are the prime factors of 374439?
3, 13, 9601
List the prime factors of 3983999.
3983999
What are the prime factors of 17582753?
1453, 12101
List the prime factors of 255103.
71, 3593
What are the prime factors of 216944?
2, 7, 13, 149
What are the prime factors of 165238?
2, 82619
What are the prime factors of 287440?
2, 5, 3593
What are the prime factors of 3414918?
2, 3, 13, 43781
What are the prime factors of 432561?
3, 23, 6269
What are the prime factors of 178062?
2, 3, 59, 503
List the prime factors of 7359133.
523, 14071
What are the prime factors of 1855903?
7, 265129
What are the prime factors of 4551393?
3, 7, 11, 17, 19, 61
List the prime factors of 177265.
5, 11, 293
List the prime factors of 1010682.
2, 3, 56149
List the prime factors of 3199440.
2, 3, 5, 13331
List the prime factors of 332685.
3, 5, 7393
List the prime factors of 24673.
11, 2243
List the prime factors of 861968.
2, 17, 3169
What are the prime factors of 4128012?
2, 3, 7, 16381
What are the prime factors of 141690?
2, 3, 5, 4723
What are the prime factors of 599435?
5, 101, 1187
List the prime factors of 680639.
23, 101, 293
List the prime factors of 182080.
2, 5, 569
List the prime factors of 32304.
2, 3, 673
What are the prime factors of 2073199?
2073199
List the prime factors of 4346773.
4346773
List the prime factors of 358786.
2, 179393
List the prime factors of 4451274.
2, 3, 43, 71
What are the prime factors of 158003?
158003
List the prime factors of 919039.
11, 29, 43, 67
What are the prime factors of 97757?
11, 8887
What are the prime factors of 1494535?
5, 7, 42701
List the prime factors of 869191.
67, 12973
What are the prime factors of 429234?
2, 3, 13, 5503
What are the prime factors of 1159426?
2, 579713
List the prime factors of 5266.
2, 2633
What are the prime factors of 674803?
191, 3533
What are the prime factors of 2276192?
2, 83, 857
List the prime factors of 16486546.
2, 2693, 3061
What are the prime factors of 1028533?
11, 93503
List the prime factors of 541648.
2, 97, 349
What are the prime factors of 4872350?
2, 5, 7, 13921
List the prime factors of 1252142.
2, 233, 2687
What are the prime factors of 9432571?
47, 97, 2069
What are the prime factors of 3380737?
41, 82457
List the prime factors of 553622.
2, 17, 19, 857
What are the prime factors of 5647187?
7, 13, 62057
What are the prime factors of 6704662?
2, 229, 14639
List the prime factors of 2648208.
2, 3, 55171
List the prime factors of 1586348.
2, 19, 20873
List the prime factors of 19798875.
3, 5, 17599
List the prime factors of 2447157.
3, 71, 11489
List the prime factors of 8309719.
11, 17, 37, 1201
List the prime factors of 2440179.
3, 7, 12911
List the prime factors of 154200.
2, 3, 5, 257
What are the prime factors of 10514899?
1103, 9533
What are the prime factors of 1838826?
2, 3, 11, 37, 251
What are the prime factors of 85673?
7, 12239
List the prime factors of 4031134.
2, 2015567
What are the prime factors of 12741825?
3, 5, 169891
What are the prime factors of 1143883?
13, 87991
What are the prime factors of 108553?
108553
List the prime factors of 850458.
2, 3, 7, 20249
What are the prime factors of 8602616?
2, 11, 8887
What are the prime factors of 150344?
2, 18793
What are the prime factors of 551008?
2, 67, 257
What are the prime factors of 1112481?
3, 41203
What are the prime factors of 1060988?
2, 265247
What are the prime factors of 125045?
5, 89, 281
List the prime factors of 80263.
80263
List the prime factors of 5119453.
409, 12517
What are the prime factors of 269996?
2, 67499
List the prime factors of 2176187.
13, 17, 43, 229
What are the prime factors of 3902291?
3902291
List the prime factors of 4558206.
2, 3, 759701
What are the prime factors of 376055?
5, 75211
List the prime factors of 8905408.
2, 347, 401
What are the prime factors of 5496204?
2, 3, 7, 59, 1109
What are the prime factors of 3247808?
2, 31, 1637
What are the prime factors of 785980?
2, 5, 13, 3023
What are the prime factors of 10970144?
2, 19, 18043
What are the prime factors of 175014?
2, 3, 7, 463
List the prime factors of 15102605.
5, 7, 23, 73, 257
What are the prime factors of 8113745?
5, 1622749
List the prime factors of 137915.
5, 27583
List the prime factors of 119851.
119851
List the prime factors of 9574681.
43, 107, 2081
What are the prime factors of 2275584?
2, 3, 2963
What are the prime factors of 334411?
7, 11, 43, 101
List the prime factors of 5761417.
5761417
What are the prime factors of 70649?
31, 43, 53
What are the prime factors of 6531111?
3, 17, 31
What are the prime factors of 4860775?
5, 194431
List the prime factors of 510652.
2, 127663
What are the prime factors of 192269?
7, 11, 227
What are the prime factors of 187557?
3, 101, 619
What are the prime factors of 14435031?
3, 13, 359, 1031
List the prime factors of 13915542.
2, 3, 2319257
What are the prime factors of 1720694?
2, 67, 12841
List the prime factors of 5252834.
2, 619, 4243
List the prime factors of 266842.
2, 101, 1321
What are the prime factors of 2758609?
7, 37, 10651
What are the prime factors of 3520285?
5, 317, 2221
List the prime factors of 205186.
2, 102593
List the prime factors of 24670661.
24670661
List the prime factors of 5015711.
5015711
List the prime factors of 8564983.
7, 1223569
Wha